{"id":19,"date":"2019-10-15T19:01:27","date_gmt":"2019-10-15T19:01:27","guid":{"rendered":"https:\/\/welt-verein.ch\/?page_id=19"},"modified":"2021-04-27T18:26:19","modified_gmt":"2021-04-27T18:26:19","slug":"startseite","status":"publish","type":"page","link":"https:\/\/welt-verein.ch\/","title":{"rendered":"Welt Verein Deitingen und Umgebung"},"content":{"rendered":"<h2>Wer sind wir?<\/h2>\n<p>Wir sind eine Gruppe ehrenamtlicher, die die Welt ein St\u00fcck besser machen wollen.<\/p>\n<p>An \u00f6ffentlichen Anl\u00e4ssen wie dem <a href=\"https:\/\/welt-verein.ch\/?page_id=25#suppentag\">Suppentag<\/a> oder dem\u00a0<a href=\"https:\/\/welt-verein.ch\/?page_id=25#risottoessen\">Risottoessen<\/a> in Deitingen Verkaufen wir Kuchen, Suppe oder Risotto und Getr\u00e4nke.<\/p>\n<p>In unserem Welt Laden \u2013 liebevoll &lt;<a href=\"https:\/\/welt-verein.ch\/?page_id=51\">L\u00e4deli<\/a>&gt; genannt, \u2013 verkaufen wir ausschliesslich fair gehandelte Produkte. Das Sortiment ist vielf\u00e4ltig, von essbaren Gummiherzen, zu Schokolade, Kerzen, Schmuck, Papeterie, Kinderspielzeug usw. findet man was das Herz begehrt.<\/p>\n<p>Das gesammelte Geld investieren wir in ausgew\u00e4hlt <a href=\"https:\/\/welt-verein.ch\/?page_id=71\">Sozialprojekte<\/a>, welche die Welt ein St\u00fcck fairer machen. Gerne nehmen wir dazu auch Spenden entgegen.<\/p>\n<p>Zweimal pro Jahr informieren wir \u00fcber die aktuellen Projekte und Anl\u00e4sse \u00fcber unser <a href=\"https:\/\/welt-verein.ch\/?page_id=71\">Maniok Infoblatt<\/a>.<\/p>\n<p><a href=\"https:\/\/welt-verein.ch\/?page_id=103\">Mitmachen?<\/a><\/p>\n","protected":false},"excerpt":{"rendered":"<p>Wer sind wir? Wir sind eine Gruppe ehrenamtlicher, die die Welt ein St\u00fcck besser machen wollen. An \u00f6ffentlichen Anl\u00e4ssen wie dem Suppentag oder dem\u00a0Risottoessen in Deitingen Verkaufen wir Kuchen, Suppe oder Risotto und Getr\u00e4nke. In unserem Welt Laden \u2013 liebevoll &lt;L\u00e4deli&gt; genannt, \u2013 verkaufen wir ausschliesslich fair gehandelte Produkte. Das&#8230;<\/p>\n","protected":false},"author":1,"featured_media":0,"parent":0,"menu_order":0,"comment_status":"closed","ping_status":"closed","template":"","meta":{"footnotes":""},"class_list":["post-19","page","type-page","status-publish","hentry"],"_links":{"self":[{"href":"https:\/\/welt-verein.ch\/index.php?rest_route=\/wp\/v2\/pages\/19","targetHints":{"allow":["GET"]}}],"collection":[{"href":"https:\/\/welt-verein.ch\/index.php?rest_route=\/wp\/v2\/pages"}],"about":[{"href":"https:\/\/welt-verein.ch\/index.php?rest_route=\/wp\/v2\/types\/page"}],"author":[{"embeddable":true,"href":"https:\/\/welt-verein.ch\/index.php?rest_route=\/wp\/v2\/users\/1"}],"replies":[{"embeddable":true,"href":"https:\/\/welt-verein.ch\/index.php?rest_route=%2Fwp%2Fv2%2Fcomments&post=19"}],"version-history":[{"count":12,"href":"https:\/\/welt-verein.ch\/index.php?rest_route=\/wp\/v2\/pages\/19\/revisions"}],"predecessor-version":[{"id":164,"href":"https:\/\/welt-verein.ch\/index.php?rest_route=\/wp\/v2\/pages\/19\/revisions\/164"}],"wp:attachment":[{"href":"https:\/\/welt-verein.ch\/index.php?rest_route=%2Fwp%2Fv2%2Fmedia&parent=19"}],"curies":[{"name":"wp","href":"https:\/\/api.w.org\/{rel}","templated":true}]}}